 prime factors of i(w).
2, 3
Let m = 1 - 2. Let g = 1 + m. Suppose c + g*c = 3. What are the prime factors of c?
3
Let n(z) = z**3 - 7*z**2 - z + 10. Let d be n(7). Suppose 30 = d*u + 2*u. Suppose -u*v + 40 = -2*v. List the prime factors of v.
2, 5
Let l = 127 + -59. List the prime factors of l.
2, 17
Let w = 71 + 12. List the prime factors of w.
83
Let w be (3/(-4))/((-2)/(-8)). Let u(f) = -f. Let v be u(w). Suppose 0*q - 3*q + p + 13 = 0, -v*p + 13 = 4*q. What are the prime factors of q?
2
Suppose 0 = 5*d + 9 + 6. Let a(v) = -v**3 - 2*v**2 + 2*v + 1. Let h be a(d). List the prime factors of (-165)/(-20) - 1/h.
2
Suppose -2*h - q + 3*q = -108, -3*q + 118 = 2*h. Let j = h - 37. What are the prime factors of j?
19
List the prime factors of 5 + -3 + (-20)/(-2).
2, 3
Suppose 0 = -5*y + 2*y + 9. Let j = 4 - y. Suppose j = 4*w - 3*l, -2*w = -l + 3*l - 18. What are the prime factors of w?
2
Let k(a) = -a. Let j(c) = c**2 - 2*c - 5. Let g(v) = j(v) + 4*k(v). Let x be g(7). What are the prime factors of -12*(1 + -2)/x?
2, 3
Let d(z) = 2*z - 4. Let u(c) = 2*c - 6. Let r be u(5). Suppose -5*p + 16 = -r. What are the prime factors of d(p)?
2
Suppose 2 = 2*u - u. Suppose -14 = -u*j + 22. Let w = -9 + j. What are the prime factors of w?
3
Suppose 4*d = 5*o + 55, 4*d + 5*o = -d + 125. Let w = d - 1. What are the prime factors of w?
19
Suppose 2*a + 28 = 2*t, -t + 19 = -2*a - 7. Let s be (63/a)/((-2)/24). Suppose -4*g - i + 43 = 0, -5*g - 16 + s = -i. What are the prime factors of g?
2, 5
Let t be (-1830)/(-4)*12/15. Let o be t/7 - (-2)/(-7). What are the prime factors of 7/(-21) + o/3?
17
Let q(z) = -z**3 + 6*z**2 + 11*z + 14. List the prime factors of q(-6).
2, 5, 19
Suppose 7*u - 704 = -u. List the prime factors of u.
2, 11
Let w(c) = -c**2. Let a(z) = 5*z**2 - 9*z - 2. Let k(o) = a(o) + 4*w(o). Let h(i) be the first derivative of k(i). What are the prime factors of h(9)?
3
What are the prime factors of (-4944)/36*(-6)/4?
2, 103
Suppose b = 4*v - 0*b - 12, 5*b - 32 = -3*v. Suppose 2*m - p + 12 = 0, -5*m - 18 = -2*m + v*p. What are the prime factors of (-92)/m*18/12?
23
Let q(a) = a**3 + 12*a**2 - 12*a + 19. Let c be q(-13). Suppose 0 = -3*l - r + 64, 107 = -2*l + c*l - 3*r. List the prime factors of l.
23
Suppose -i + 5 + 6 = 0. Let r = 21 - i. Let z = 14 - r. What are the prime factors of z?
2
Let s = 68 + -39. Suppose i - 22 = -5*k, 4*k - 3*i - s = -0. Suppose -p - 5 = -0*p, -8 = -3*h - k*p. What are the prime factors of h?
11
Let m(l) = -l**2 + 8*l. Let c = -1 - -1. Suppose c*q - q + 6 = 0. List the prime factors of m(q).
2, 3
Suppose -3*q - 2*q = s - 1, 0 = -2*s - 5*q + 7. Let w be s/(-8)*12/3. What are the prime factors of (w + -2)/((-1)/2)?
2, 5
Let f be 2/(-1 + 15/9). Suppose -h = f*h - 140. What are the prime factors of h?
5, 7
Suppose 3 = -2*q + 21. Suppose -3*s = -21 - q. List the prime factors of s.
2, 5
What are the prime factors of 126/4 + 18/(-12)?
2, 3, 5
Let x = -11 + 11. Suppose x = -4*s - s + 75. What are the prime factors of s?
3, 5
Let l = 3 + -3. Suppose -4*x + 2*b + 15 = -9, 3*b = l. List the prime factors of x.
2, 3
Let n(s) = 15*s - 5. List the prime factors of n(14).
5, 41
Suppose -5 - 5 = -2*b. Suppose 0 = 5*n + 4*t - 4, 1 = 5*n + b*t - 4. Suppose 3*d - d - 12 = n. What are the prime factors of d?
2, 3
Suppose 4*b + 5*g - 61 = 0, -2*g + 31 = 4*b - 15. List the prime factors of b.
3
Let o(r) = -3*r + 2. Let b be o(1). Let w be (30/(-4))/(1/(-4)). What are the prime factors of (w/b)/(-5 + 3)?
3, 5
Let r be 5 - 2 - 0/1. List the prime factors of 23 + (12/r)/2.
5
Let x be 2/(-3) - 68/(-12). Let w be (x - 0)*(-2)/5. List the prime factors of (3/6)/(w/(-8)).
2
List the prime factors of -22*2/((-16)/12).
3, 11
Suppose 0 = -5*f + 5*s + 20, -4*f + 2*s = -3*f - 5. Suppose -2*c + 5*k + 2 = -0*c, 5*c - f*k - 24 = 0. List the prime factors of 2/4*c + -1.
2
Let v = -35 - -49. What are the prime factors of v?
2, 7
Let b(t) = 8*t**2 + 6*t - 29. Let q(i) = 3*i**2 + 2*i - 10. Let z(p) = -4*b(p) + 11*q(p). What are the prime factors of z(4)?
2, 7
Let o(x) = -x + 9. Let c be o(9). Suppose -4*s - 69 + 213 = c. Suppose -3*p + s = p. What are the prime factors of p?
3
Let d be (-95)/(-4) + (-2)/(-8). Let x = -12 + d. Let g = x + -8. List the prime factors of g.
2
Suppose 5*z - 2*l - 25 = 0, -3*l - 15 = z - 4*z. Suppose -v - 2*v - 16 = -z*b, -4*v + 5*b - 13 = 0. Let o = 8 - v. List the prime factors of o.
5
Let p(a) = -a**3 - 23*a**2 - 51*a - 22. What are the prime factors of p(-21)?
167
Let j(p) be the first derivative of 1 + 7/3*p**3 - 7*p + 1/4*p**4 - 2*p**2. List the prime factors of j(-7).
3, 7
Let z be -2 + -1 - (0 + -2). Let l be 4/z*(-3)/6. List the prime factors of -3*l*(-2)/4.
3
Let t(o) = -47*o + 1. Let y = -2 + 1. Let a be t(y). Suppose c = -3*c + a. List the prime factors of c.
2, 3
Suppose 2*z + 83 = 3*q, -z + 6 = q - 20. List the prime factors of 214/9 - (-6)/q.
2, 3
Let h(j) = j + 1. Let m be h(5). Let f be ((-15)/(-6))/((-3)/m). Let d(t) = t + 7. What are the prime factors of d(f)?
2
Let l = -8 - -34. List the prime factors of l.
2, 13
Let f(h) = -2*h**2 - 8*h + 5. Let n = 1 - 5. What are the prime factors of f(n)?
5
Let r = -27 + 50. List the prime factors of r.
23
Let c(y) = -y**3 - 8*y**2 - y - 9. Let r(u) = -u**2 - 1. Let j(n) = c(n) - 6*r(n). Suppose a - 3 = s - 4, -a = s + 5. List the prime factors of j(a).
3
Suppose -2*t - 234 = -m, 5*t - 432 = 2*m - 4*m. List the prime factors of m.
2, 113
Let t(a) = -a**3 - 6*a**2 - 6*a - 2. List the prime factors of t(-6).
2, 17
Let q = 22 - 13. Let b = 21 - q. Let x = b + -6. What are the prime factors of x?
2, 3
Suppose 0*a + 20 = 4*a. Suppose 10 = 2*g - q, -4*g - a*q = 6 - 26. List the prime factors of g.
5
Suppose -11*x + 55 = -6*x. What are the prime factors of x?
11
Suppose -5*i + 41 - 486 = 0. What are the prime factors of 2/10 + i/(-5)?
2, 3
Suppose -5*l + 15 = -5*a, -4*a - 8 = -5*l + 6. Let r be 1 + a/((-2)/22). Suppose -11 = -4*g + 2*k - k, 0 = 4*k + r. What are the prime factors of g?
2
Suppose -4*p + 4*m + 76 = 0, m = -2*m. What are the prime factors of p?
19
Let u = 8 - 2. List the prime factors of u.
2, 3
Let u(v) = 5*v**2 - 8*v - 4. List the prime factors of u(9).
7, 47
Suppose 0*b + 4*f = 4*b + 8, 0 = -3*b - 2*f - 6. List the prime factors of (1/(-1))/(b/58).
29
Let r be (2 + 1)*12/9. Suppose 4*u = -2*v + 56, 5*u - 3*v - 92 = -0*u. Suppose -r = g - u. List the prime factors of g.
2, 3
Let y = -10 + 15. What are the prime factors of 6/y*(-100)/(-15)?
2
Suppose -22*q + 25*q - 384 = 0. What are the prime factors of q?
2
Suppose -1 = 2*x + 9. Let v(k) = -k**3 - 6*k**2 - 7*k - 3. List the prime factors of v(x).
7
Suppose -5*d + 2*k = 0, 5*d + 4*k + 8 + 22 = 0. Let b be 4/(-2) - d/1. Suppose b = -2*v + 1 + 7. List the prime factors of v.
2
Let x = -12 + 69. What are the prime factors of x?
3, 19
Suppose y - 135 = -4*y. Let o = y + -18. List the prime factors of o.
3
Let l(j) = 3*j**2 + 2*j + 1. Let y be l(2). Suppose 0 = -4*u + 11 + y. What are the prime factors of u?
7
Suppose 22 = 5*y + 2*s + s, 0 = 3*y + 5*s - 10. Let i be (0 + y)*(-144)/10. What are the prime factors of ((-3)/(-6))/((-3)/i)?
2, 3
Let f(t) = 8*t**2 - t - 1. Let y be f(-1). Let u = 16 - y. What are the prime factors of u?
2
Suppose -3*h + 471 + 325 = 4*b, 4 = -h. List the prime factors of b.
2, 101
Let h(s) = -s**3 - 9*s**2 - 8*s + 4. Let a = 3 + -11. What are the prime factors of h(a)?
2
Let q(u) = -u**2 - u + 25. Let z = 17 - 17. What are the prime factors of q(z)?
5
Let z = -65 - -200. Suppose 0*p = 3*p - z. Suppose 4*l - 5*u - p = 0, 0*u = 3*l - 2*u - 25. What are the prime factors of l?
5
Suppose 4*k = 5*p + 7, k + 11 = -0*p - 3*p. Let u(x) = -7*x - 5. List the prime factors of u(k).
3
Let b be (-38)/6 - 4/6. Let n = b + 13. What are the prime factors of 2/(-6) + 26/n?
2
Let u = 24 - 14. Let n be (-6)/(-10) - (-1334)/u. List the prime factors of 12/(-16) + n/8.
2
Suppose 4*t + 3*i - i = 60, i = 2*t - 34. Suppose -n = -8 - t. What are the prime factors of n?
2, 3
Let g(q) = 2 - q - 4*q**3 - 2*q**2 + 0*q - 3. What are the prime factors of g(-2)?
5
Let h = 28 - 39. Let b = 24 - 47. Let t = h - b. List the prime factors of t.
2, 3
Let m(c) = c**2 - c - 13. Let n be m(9). Let g = n - 42. List the prime factors